base 7?
24624
What is 210220 (base 3) in base 16?
24f
Convert 1152 (base 11) to base 12.
a59
5c7 (base 15) to base 2
10100100000
Convert -18645 (base 9) to base 5.
-403140
-1040312 (base 5) to base 8
-43437
What is -1468 (base 11) in base 8?
-3541
-c08 (base 16) to base 6
-22132
-4305 (base 6) to base 7
-2564
What is -9288 (base 11) in base 9?
-17805
What is -5743 (base 9) in base 16?
-109b
Convert -534 (base 9) to base 6.
-2004
What is 148 (base 11) in base 13?
104
Convert -101410 (base 5) to base 4.
-310123
What is -432 (base 14) in base 7?
-2262
5364 (base 7) to base 13
b3a
What is 2ca4 (base 14) in base 11?
5aa9
510 (base 12) to base 6
3220
What is -30046 (base 8) in base 7?
-50636
Convert -1221024 (base 5) to base 4.
-11223200
What is -133402 (base 6) in base 9?
-18072
Convert -100102 (base 3) to base 11.
-211
-5153 (base 6) to base 12
-7b9
5815 (base 13) to base 14
4707
What is -51324 (base 6) in base 3?
-100100121
What is 28919 (base 10) in base 5?
1411134
Convert 11111101111 (base 2) to base 5.
31111
What is -23414 (base 5) in base 15?
-7a9
-1121 (base 4) to base 13
-6b
-36352 (base 7) to base 4
-2103211
Convert -3030210 (base 4) to base 5.
-404332
-351 (base 15) to base 11
-623
Convert -4644 (base 8) to base 15.
-ae8
What is 236b (base 15) in base 3?
101022202
Convert -30724 (base 10) to base 8.
-74004
What is 14641 (base 9) in base 12?
5954
Convert 6615 (base 14) to base 15.
5374
Convert -150 (base 13) to base 2.
-11101010
-339 (base 12) to base 7
-1251
What is 444334 (base 5) in base 4?
3303222
What is 1b4 (base 13) in base 16?
13c
What is 369 (base 10) in base 6?
1413
Convert 45555 (base 6) to base 15.
1dbe
-1336 (base 7) to base 10
-517
101001110 (base 2) to base 9
411
What is 5564 (base 16) in base 9?
32878
What is -1da8 (base 15) in base 11?
-4941
Convert -14801 (base 9) to base 2.
-10011110001110
What is -13840 (base 13) in base 12?
-191a4
Convert -a87 (base 11) to base 12.
-909
What is -102 (base 6) in base 4?
-212
-4515 (base 6) to base 5
-13210
-110 (base 2) to base 11
-6
131433 (base 7) to base 12
12279
What is -3501 (base 8) in base 14?
-969
Convert 465 (base 12) to base 15.
2d8
What is 10001 (base 2) in base 3?
122
-13cd (base 14) to base 4
-312321
What is -20200002 (base 3) in base 11?
-3720
What is 2764 (base 9) in base 13?
c43
What is 24156 (base 9) in base 3?
211011220
What is -102220022 (base 3) in base 10?
-8675
What is -12 (base 9) in base 7?
-14
Convert 790 (base 16) to base 3.
2122201
-360 (base 7) to base 5
-1224
Convert 11f (base 16) to base 5.
2122
3724 (base 8) to base 9
2666
-2100 (base 3) to base 2
-111111
110000101 (base 2) to base 10
389
813 (base 9) to base 8
1224
What is e6d (base 15) in base 10?
3253
What is 1404 (base 7) in base 15?
263
Convert -194 (base 13) to base 15.
-145
Convert 1336 (base 9) to base 12.
6b9
Convert -34 (base 9) to base 3.
-1011
What is -11111101100010 (base 2) in base 10?
-16226
Convert 4631 (base 12) to base 10.
7813
What is 32ca (base 16) in base 14?
4a4a
What is 3455 (base 11) in base 10?
4537
12450 (base 6) to base 14
99c
Convert 22021111 (base 3) to base 13.
2992
Convert 4012 (base 7) to base 16.
565
Convert 1010111 (base 2) to base 11.
7a
261 (base 7) to base 5
1031
What is -1788 (base 9) in base 12?
-968
What is -77b (base 13) in base 3?
-1202121
Convert 629 (base 12) to base 3.
1020020
Convert -726 (base 8) to base 3.
-122102
189 (base 15) to base 10
354
What is -1100011 (base 2) in base 14?
-71
What is -285 (base 16) in base 3?
-212220
404 (base 10) to base 15
1be
Convert 1101110101110 (base 2) to base 15.
2176
What is 968 (base 11) in base 7?
3251
Convert -27f3 (base 16) to base 10.
-10227
8a09 (base 15) to base 2
111001001001011
Convert -6b54 (base 14) to base 13.
-8680
-3237 (base 10) to base 3
-11102220
Convert 3778 (base 11) to base 6.
34445
-1001101011 (base 2) to base 16
-26b
Convert 200001011 (base 3) to base 8.
31541
What is -24645 (base 7) in base 10?
-6501
What is 3093 (base 13) in base 9?
10176
33322 (base 5) to base 13
10aa
What is 3070 (base 8) in base 6?
11212
-1a65 (base 12) to base 7
-12314
22313 (base 8) to base 13
4397
-5871 (base 9) to base 14
-1833
What is 93 (base 13) in base 8?
170
Convert -3570 (base 8) to base 2.
-11101111000
1916 (base 15) to base 8
12455
What is -d53e (base 16) in base 2?
-1101010100111110
What is 1576 (base 8) in base 13?
53a
Convert a7 (base 16) to base 4.
2213
What is 33332100 (base 4) in base 11?
45177
-310245 (base 7) to base 6
-1045053
Convert -3d4b (base 14) to base 7.
-43424
What is -31450 (base 7) in base 12?
-4601
What is -1101000011111 (base 2) in base 10?
-6687
Convert -251 (base 9) to base 4.
-3100
33121011 (base 4) to base 8
173105
Convert -4c4a (base 13) to base 9.
-15826
What is 73 (base 15) in base 16?
6c
What is 4612 (base 7) in base 9?
2261
111210001 (base 3) to base 14
3937
What is 1310 (base 11) in base 16?
6a9
Convert -26173 (base 8) to base 11.
-8612
What is -13646 (base 7) in base 3?
-12011012
What is 3331 (base 4) in base 11?
210
What is -12b10 (base 13) in base 16?
-880b
-3051 (base 7) to base 3
-1110110
-10ee (base 15) to base 14
-1451
Convert -2557 (base 10) to base 14.
-d09
What is -100322 (base 4) in base 14?
-574
Convert 4a6a (base 15) to base 13.
72a3
17234 (base 8) to base 2
1111010011100
What is -210000 (base 4) in base 5?
-33204
Convert -33340 (base 6) to base 12.
-2850
5935 (base 10) to base 7
23206
What is -1100001110001 (base 2) in base 6?
-44545
Convert 24331 (base 5) to base 6.
12305
-153 (base 13) to base 4
-3231
110100110 (base 2) to base 11
354
What is -4102 (base 8) in base 16?
-842
1010011100100 (base 2) to base 13
2585
Convert -16510 (base 8) to base 7.
-30566
What is -1000000001000 (base 2) in base 11?
-30a1
What is 511 (base 8) in base 9?
405
What is -1001000111100 (base 2) in base 10?
-4668
-3157 (base 8) to base 11
-1268
21600 (base 7) to base 9
7413
What is -574 (base 8) in base 7?
-1052
Convert -1044 (base 9) to base 2.
-1100000001
Convert 3567 (base 9) to base 5.
41103
32110 (base 6) to base 14
1838
What is 4d45 (base 14) in base 9?
20564
Convert -3469 (base 12) to base 14.
-21b3
Convert 1c06 (base 14) to base 2.
1001111101110
Convert 777 (base 8) to base 14.
287
21 (base 10) to base 9
23
What is 21439 (base 12) in base 7?
241521
-82 (base 9) to base 16
-4a
-550 (base 10) to base 14
-2b4
Convert -6ba (base 12) to base 14.
-51c
Convert 1311 (base 8) to base 5.
10323
What is 133343 (base 5) in base 12?
3201
Convert -5e (base 15) to base 5.
-324
13221 (base 4) to base 16
1e9
What is -100113 (base 5) in base 3?
-11022222
1516 (base 9) to base 15
519
What is -100010111010110 (base 2) in base 8?
-42726
-2c8 (base 15) to base 3
-212122
112100221 (base 3) to base 15
3184
What is -1074 (base 10) in base 7?
-3063
What is 2e7 (base 15) in base 12?
477
375 (base 10) to base 3
111220
Convert 1200211200 (base 3) to base 15.
9d7c
What is 234 (base 12) in base 10?
328
Convert 4411 (base 6) to base 3.
1101121
34458 (base 9) to base 8
54700
-7a45 (base 12) to base 15
-405e
What is 1502 (base 15) in base 5?
121002
What is 100111010 (base 2) in base 6?
1242
8516 (base 13) to base 16
4808
What is -433 (base 9) in base 6?
-1350
Convert -b90 (base 14) to base 15.
-a22
12202 (base 5) to base 14
4a3
Convert 133 (base 10) to base 13.
a3
Convert -10110100101000 (base 2) to base 7.
-45463
1b9c2 (base 13) to base 11
37971
55a (base 16) to base 2
10101011010
23633 (base 11) to base 6
421325
What is -20134 (base 8) in base 10?
-8284
Convert -43445 (base 12) to base 7.
-516524
What is 20111210 (base 4) in base 13?
1270a
What is 285 (base 11) in base 3?
110102
Convert 3ad (base 15) to base 4.
31012
What is -3134311 (base 5) in base 14?
-1518c
534 (base 9) to base 14
232
Convert -6fa4 (base 16) to base 3.
-1110012112
Convert 23a97 (base 13) to base 11.
45260
Convert -105 (base 14) to base 15.
-d6
-101000111110 (base 2) to base 13
-1269
What is -4329 (base 11) in base 10?
-5718
Convert 105 (base 11) to base 5.
1001
What is -dec (base 15) in base 8?
-6113
Convert -2076 (base 9) to base 15.
-6bc
What is -231333 (base 5) in base 14?
-307d
What is 17c (base 13) in base 15?
132
Convert -1025 (base 8) to base 16.
-215
What is 1b0c (base 13) in base 9?
5520
-657 (base 9) to base 2
-1000011010
What is -1a9 (base